{"id":4266,"date":"2024-10-17T07:47:43","date_gmt":"2024-10-17T07:47:43","guid":{"rendered":"https:\/\/ivinj.com\/?page_id=4266"},"modified":"2025-02-12T13:28:37","modified_gmt":"2025-02-12T13:28:37","slug":"crkva-svetog-roka","status":"publish","type":"page","link":"https:\/\/ivinj.com\/en\/crkva-svetog-roka\/","title":{"rendered":"CHURCH OF SAINT ROCH"},"content":{"rendered":"<div data-elementor-type=\"wp-page\" data-elementor-id=\"4266\" class=\"elementor elementor-4266\">\n\t\t\t\t\t\t<section class=\"elementor-section elementor-top-section elementor-element elementor-element-75b857f elementor-section-full_width elementor-section-height-default elementor-section-height-default wpr-particle-no wpr-jarallax-no wpr-parallax-no wpr-sticky-section-no wpr-equal-height-no\" data-id=\"75b857f\" data-element_type=\"section\" data-e-type=\"section\">\n\t\t\t\t\t\t<div class=\"elementor-container elementor-column-gap-default\">\n\t\t\t\t\t<div class=\"elementor-column elementor-col-100 elementor-top-column elementor-element elementor-element-0f867b9\" data-id=\"0f867b9\" data-element_type=\"column\" data-e-type=\"column\">\n\t\t\t<div class=\"elementor-widget-wrap elementor-element-populated\">\n\t\t\t\t\t\t<div class=\"elementor-element elementor-element-72d18a1 elementor-widget elementor-widget-image\" data-id=\"72d18a1\" data-element_type=\"widget\" data-e-type=\"widget\" data-widget_type=\"image.default\">\n\t\t\t\t<div class=\"elementor-widget-container\">\n\t\t\t\t\t\t\t\t\t\t\t\t\t\t\t<img fetchpriority=\"high\" decoding=\"async\" width=\"1920\" height=\"1080\" src=\"https:\/\/ivinj.com\/wp-content\/uploads\/2024\/10\/Tisno-CrkvaSvRoka-1.webp\" class=\"attachment-full size-full wp-image-4269\" alt=\"\" srcset=\"https:\/\/ivinj.com\/wp-content\/uploads\/2024\/10\/Tisno-CrkvaSvRoka-1.webp 1920w, https:\/\/ivinj.com\/wp-content\/uploads\/2024\/10\/Tisno-CrkvaSvRoka-1-300x169.webp 300w, https:\/\/ivinj.com\/wp-content\/uploads\/2024\/10\/Tisno-CrkvaSvRoka-1-1024x576.webp 1024w, https:\/\/ivinj.com\/wp-content\/uploads\/2024\/10\/Tisno-CrkvaSvRoka-1-768x432.webp 768w, https:\/\/ivinj.com\/wp-content\/uploads\/2024\/10\/Tisno-CrkvaSvRoka-1-1536x864.webp 1536w, https:\/\/ivinj.com\/wp-content\/uploads\/2024\/10\/Tisno-CrkvaSvRoka-1-18x10.webp 18w\" sizes=\"(max-width: 1920px) 100vw, 1920px\" \/>\t\t\t\t\t\t\t\t\t\t\t\t\t\t\t<\/div>\n\t\t\t\t<\/div>\n\t\t\t\t\t<\/div>\n\t\t<\/div>\n\t\t\t\t\t<\/div>\n\t\t<\/section>\n\t\t\t\t<section class=\"elementor-section elementor-top-section elementor-element elementor-element-e6d947f elementor-section-boxed elementor-section-height-default elementor-section-height-default wpr-particle-no wpr-jarallax-no wpr-parallax-no wpr-sticky-section-no wpr-equal-height-no\" data-id=\"e6d947f\" data-element_type=\"section\" data-e-type=\"section\" data-settings=\"{&quot;background_background&quot;:&quot;classic&quot;}\">\n\t\t\t\t\t\t<div class=\"elementor-container elementor-column-gap-default\">\n\t\t\t\t\t<div class=\"elementor-column elementor-col-50 elementor-top-column elementor-element elementor-element-4e50618\" data-id=\"4e50618\" data-element_type=\"column\" data-e-type=\"column\">\n\t\t\t<div class=\"elementor-widget-wrap elementor-element-populated\">\n\t\t\t\t\t\t<div class=\"elementor-element elementor-element-bc37142 aleft elementor-widget elementor-widget-wgl-double-heading\" data-id=\"bc37142\" data-element_type=\"widget\" data-e-type=\"widget\" data-widget_type=\"wgl-double-heading.default\">\n\t\t\t\t<div class=\"elementor-widget-container\">\n\t\t\t\t\t<div class=\"wgl-double-heading\"><div class=\"dblh__subtitle\">Zahvala za pomo\u0107 u obrani od kuge<\/div><h3 class=\"dblh__title-wrapper\"><span class=\"dblh__title dblh__title-1\">CHURCH OF SAINT ROCH<\/span><\/h3><\/div>\t\t\t\t<\/div>\n\t\t\t\t<\/div>\n\t\t\t\t<div class=\"elementor-element elementor-element-f6d49e0 elementor-widget elementor-widget-text-editor\" data-id=\"f6d49e0\" data-element_type=\"widget\" data-e-type=\"widget\" data-widget_type=\"text-editor.default\">\n\t\t\t\t<div class=\"elementor-widget-container\">\n\t\t\t\t\t\t\t\t\t<p><span>The Church of Saint Roch was built in Tisno in the mid-7th century. It was first mentioned in 1651 <\/span><span>when Jure Prgin Zaljinov left the church a chalice in his testament. <\/span><span>This typical countryside church is a 13 m long, and 8,5 m wide single-nave building. <\/span><span>It was built using carved blocks of stone that differ in the upper parts of the facade. <\/span><span>Later additions include a bell-gable with three bells, a new opening on the facade, <\/span><span>and the reconstruction of the choir stairs. <\/span><span>The original Baroque portal with a semicircular window above it can be found on the lateral wall. The main altar holds the painting of Madonna with Saint Anthony of Padua and Saint Theresa, while Our Lady of the Rosary is located on the other altar.<\/span><\/p>\t\t\t\t\t\t\t\t<\/div>\n\t\t\t\t<\/div>\n\t\t\t\t<div class=\"elementor-element elementor-element-f2c1279 elementor-widget elementor-widget-text-editor\" data-id=\"f2c1279\" data-element_type=\"widget\" data-e-type=\"widget\" data-widget_type=\"text-editor.default\">\n\t\t\t\t<div class=\"elementor-widget-container\">\n\t\t\t\t\t\t\t\t\t<p><span>The sculptures of Saint Roch and Saint Joseph are placed aside. In 1693, <\/span>the people of Tisno <span>decided to hold a procession on January 27th, to honor Saint Roch <\/span><span>for protecting them from the plague that claimed more than <\/span><span>500 lives in the village. <\/span><span>The feast of St. Roch takes place on August 16th each year, <\/span><span>exhibited here.<\/span><\/p>\t\t\t\t\t\t\t\t<\/div>\n\t\t\t\t<\/div>\n\t\t\t\t<div class=\"elementor-element elementor-element-bf43289 elementor-widget elementor-widget-text-editor\" data-id=\"bf43289\" data-element_type=\"widget\" data-e-type=\"widget\" data-widget_type=\"text-editor.default\">\n\t\t\t\t<div class=\"elementor-widget-container\">\n\t\t\t\t\t\t\t\t\t<p><span>Source:<br \/><\/span><span>STO\u0160I\u0106, K.: Sela \u0161ibenskog kotora, \u0160ibenik, 1941., p.208<br \/><\/span><span>JURAN, K., SORI\u0106, S. : Spomenici sakralnoga graditeljstva na otoku Murteru,<br \/><\/span><span>Toponimija otoka Murtera. Zadar, Sveuc\u030cilis\u030cte u Zadru, 2010, p.97-1217<\/span><\/p>\t\t\t\t\t\t\t\t<\/div>\n\t\t\t\t<\/div>\n\t\t\t\t\t<\/div>\n\t\t<\/div>\n\t\t\t\t<div class=\"elementor-column elementor-col-50 elementor-top-column elementor-element elementor-element-7011c89\" data-id=\"7011c89\" data-element_type=\"column\" data-e-type=\"column\">\n\t\t\t<div class=\"elementor-widget-wrap elementor-element-populated\">\n\t\t\t\t\t\t<div class=\"elementor-element elementor-element-43ec9d8 elementor-widget elementor-widget-image\" data-id=\"43ec9d8\" data-element_type=\"widget\" data-e-type=\"widget\" data-widget_type=\"image.default\">\n\t\t\t\t<div class=\"elementor-widget-container\">\n\t\t\t\t\t\t\t\t\t\t\t\t\t\t\t<img decoding=\"async\" width=\"800\" height=\"600\" src=\"https:\/\/ivinj.com\/wp-content\/uploads\/2024\/10\/Tisno-CrkvaSvRoka-2.webp\" class=\"attachment-full size-full wp-image-4270\" alt=\"\" srcset=\"https:\/\/ivinj.com\/wp-content\/uploads\/2024\/10\/Tisno-CrkvaSvRoka-2.webp 800w, https:\/\/ivinj.com\/wp-content\/uploads\/2024\/10\/Tisno-CrkvaSvRoka-2-300x225.webp 300w, https:\/\/ivinj.com\/wp-content\/uploads\/2024\/10\/Tisno-CrkvaSvRoka-2-768x576.webp 768w, https:\/\/ivinj.com\/wp-content\/uploads\/2024\/10\/Tisno-CrkvaSvRoka-2-16x12.webp 16w\" sizes=\"(max-width: 800px) 100vw, 800px\" \/>\t\t\t\t\t\t\t\t\t\t\t\t\t\t\t<\/div>\n\t\t\t\t<\/div>\n\t\t\t\t<div class=\"elementor-element elementor-element-f063738 elementor-widget elementor-widget-image\" data-id=\"f063738\" data-element_type=\"widget\" data-e-type=\"widget\" data-widget_type=\"image.default\">\n\t\t\t\t<div class=\"elementor-widget-container\">\n\t\t\t\t\t\t\t\t\t\t\t\t\t\t\t<img decoding=\"async\" width=\"800\" height=\"600\" src=\"https:\/\/ivinj.com\/wp-content\/uploads\/2024\/10\/Tisno-CrkvaSvRoka-3.webp\" class=\"attachment-full size-full wp-image-4271\" alt=\"\" srcset=\"https:\/\/ivinj.com\/wp-content\/uploads\/2024\/10\/Tisno-CrkvaSvRoka-3.webp 800w, https:\/\/ivinj.com\/wp-content\/uploads\/2024\/10\/Tisno-CrkvaSvRoka-3-300x225.webp 300w, https:\/\/ivinj.com\/wp-content\/uploads\/2024\/10\/Tisno-CrkvaSvRoka-3-768x576.webp 768w, https:\/\/ivinj.com\/wp-content\/uploads\/2024\/10\/Tisno-CrkvaSvRoka-3-16x12.webp 16w\" sizes=\"(max-width: 800px) 100vw, 800px\" \/>\t\t\t\t\t\t\t\t\t\t\t\t\t\t\t<\/div>\n\t\t\t\t<\/div>\n\t\t\t\t\t<\/div>\n\t\t<\/div>\n\t\t\t\t\t<\/div>\n\t\t<\/section>\n\t\t<div class=\"elementor-element elementor-element-4e23ab3 e-flex e-con-boxed wpr-particle-no wpr-jarallax-no wpr-parallax-no wpr-sticky-section-no wpr-equal-height-no e-con e-parent\" data-id=\"4e23ab3\" data-element_type=\"container\" data-e-type=\"container\" data-settings=\"{&quot;background_background&quot;:&quot;classic&quot;}\">\n\t\t\t\t\t<div class=\"e-con-inner\">\n\t\t\t\t<div class=\"elementor-element elementor-element-82c83f2 elementor-widget elementor-widget-text-editor\" data-id=\"82c83f2\" data-element_type=\"widget\" data-e-type=\"widget\" data-widget_type=\"text-editor.default\">\n\t\t\t\t<div class=\"elementor-widget-container\">\n\t\t\t\t\t\t\t\t\t<p>Uputite se u <span style=\"text-decoration: underline;\"><a href=\"https:\/\/ivinj.com\/en\/tematske-setnje\/\">tematsku \u0161etnju<\/a><\/span> po Tisnom<\/p>\t\t\t\t\t\t\t\t<\/div>\n\t\t\t\t<\/div>\n\t\t\t\t\t<\/div>\n\t\t\t\t<\/div>\n\t\t<div class=\"elementor-element elementor-element-4cccec7 e-con-full e-flex wpr-particle-no wpr-jarallax-no wpr-parallax-no wpr-sticky-section-no wpr-equal-height-no e-con e-parent\" data-id=\"4cccec7\" data-element_type=\"container\" data-e-type=\"container\">\n\t\t<div class=\"elementor-element elementor-element-a8bbe57 e-con-full e-flex wpr-particle-no wpr-jarallax-no wpr-parallax-no wpr-sticky-section-no wpr-equal-height-no e-con e-child\" data-id=\"a8bbe57\" data-element_type=\"container\" data-e-type=\"container\">\n\t\t\t\t<div class=\"elementor-element elementor-element-194e21f elementor-widget elementor-widget-html\" data-id=\"194e21f\" data-element_type=\"widget\" data-e-type=\"widget\" data-widget_type=\"html.default\">\n\t\t\t\t<div class=\"elementor-widget-container\">\n\t\t\t\t\t<iframe src=\"https:\/\/www.google.com\/maps\/d\/u\/0\/embed?mid=16SKIk_Or1T_iItjECOpSsSFjHNrGCrg&ehbc=2E312F&noprof=1\" width=\"640\" height=\"700\"><\/iframe>\t\t\t\t<\/div>\n\t\t\t\t<\/div>\n\t\t\t\t<\/div>\n\t\t\t\t<\/div>\n\t\t\t\t<\/div>","protected":false},"excerpt":{"rendered":"<p>Zahvala za pomo\u0107 u obrani od kuge CRKVA SVETOG ROKA Crkva Svetog Roka u Tisnom podignuta je sredinom 17.stolje\u0107a. Prvi spomen crkve je 1651. godine kada Jure Prgin Zaljinov oporu\u010dno ostavlja kale\u017e navedenoj crkvi. Crkva Svetog Roka je jednobrodna gra\u0111evina, tipi\u010dna seoska crkva, dimenzija 13 x 8,5 m. Zidana je klesanim kamenim blokovima koji su u gornjem dijelu pro\u010delja razli\u010diti, a naknadno je postavljen zvonik na preslicu s tri zvona, umetnut je novi otvor na pro\u010delju te je prezidano i stepeni\u0161te za kor.\u00a0 Izvorni barokni portal s polukru\u017enim prozorom iznad njega nalazi se bo\u010dno. Na glavnom oltaru crkve nalazi se slika Gospe sa Sv. Antunom Padovanskim i Sv. Terezijom, a na drugom oltaru nalazi se lik Gospe Ru\u017earice. Kipovi Sv.Roka i Sv. Josipa nalaze se sa strane. Narod je 1693. godine odlu\u010dio da \u0107e na datum 27. Sije\u010dnja odr\u017eavati procesiju u \u010dast Sv. Roku, kao zahvalu za pomo\u0107 u obrani od kuge koja je u Tisnom odnijela vi\u0161e od 500 \u017eivota. Na blagdan Svetog Roka, 16. kolovoza, odr\u017eava se misa u crkvi Sv. Roka te procesija. U pro\u0161losti je prostor oko crkve Sv. Roka slu\u017eio kao mjesto sastajanja mje\u0161tana. Nakon misnog slavlja, stanovni\u0161tvo se okupljalo ispred crkve Sv. Roka gdje su se plesali tradicionalni plesovi i pjevale pjesme, a danas su ovdje izlo\u017eeni predmeti iz stare ti\u0161njanske uljare, presa i kameno kolo. Izvor:STO\u0160I\u0106, K.: Sela \u0161ibenskog kotora, \u0160ibenik, 1941., p.208JURAN, K., SORI\u0106, S. : Spomenici sakralnoga graditeljstva na otoku Murteru,Toponimija otoka Murtera. Zadar, Sveuc\u030cilis\u030cte u Zadru, 2010, p.97-1217 Uputite se u tematsku \u0161etnju po Tisnom<\/p>","protected":false},"author":1,"featured_media":0,"parent":0,"menu_order":0,"comment_status":"closed","ping_status":"closed","template":"elementor_header_footer","meta":{"footnotes":""},"class_list":["post-4266","page","type-page","status-publish","hentry"],"_links":{"self":[{"href":"https:\/\/ivinj.com\/en\/wp-json\/wp\/v2\/pages\/4266","targetHints":{"allow":["GET"]}}],"collection":[{"href":"https:\/\/ivinj.com\/en\/wp-json\/wp\/v2\/pages"}],"about":[{"href":"https:\/\/ivinj.com\/en\/wp-json\/wp\/v2\/types\/page"}],"author":[{"embeddable":true,"href":"https:\/\/ivinj.com\/en\/wp-json\/wp\/v2\/users\/1"}],"replies":[{"embeddable":true,"href":"https:\/\/ivinj.com\/en\/wp-json\/wp\/v2\/comments?post=4266"}],"version-history":[{"count":41,"href":"https:\/\/ivinj.com\/en\/wp-json\/wp\/v2\/pages\/4266\/revisions"}],"predecessor-version":[{"id":5706,"href":"https:\/\/ivinj.com\/en\/wp-json\/wp\/v2\/pages\/4266\/revisions\/5706"}],"wp:attachment":[{"href":"https:\/\/ivinj.com\/en\/wp-json\/wp\/v2\/media?parent=4266"}],"curies":[{"name":"wp","href":"https:\/\/api.w.org\/{rel}","templated":true}]}}

<div data-elementor-type="wp-page" data-elementor-id="4266" class="elementor elementor-4266">
						<section class="elementor-section elementor-top-section elementor-element elementor-element-75b857f elementor-section-full_width elementor-section-height-default elementor-section-height-default wpr-particle-no wpr-jarallax-no wpr-parallax-no wpr-sticky-section-no wpr-equal-height-no" data-id="75b857f" data-element_type="section" data-e-type="section">
						<div class="elementor-container elementor-column-gap-default">
					<div class="elementor-column elementor-col-100 elementor-top-column elementor-element elementor-element-0f867b9" data-id="0f867b9" data-element_type="column" data-e-type="column">
			<div class="elementor-widget-wrap elementor-element-populated">
						<div class="elementor-element elementor-element-72d18a1 elementor-widget elementor-widget-image" data-id="72d18a1" data-element_type="widget" data-e-type="widget" data-widget_type="image.default">
				<div class="elementor-widget-container">
															<img fetchpriority="high" decoding="async" width="1920" height="1080" src="https://ivinj.com/wp-content/uploads/2024/10/Tisno-CrkvaSvRoka-1.webp" class="attachment-full size-full wp-image-4269" alt="" srcset="https://ivinj.com/wp-content/uploads/2024/10/Tisno-CrkvaSvRoka-1.webp 1920w, https://ivinj.com/wp-content/uploads/2024/10/Tisno-CrkvaSvRoka-1-300x169.webp 300w, https://ivinj.com/wp-content/uploads/2024/10/Tisno-CrkvaSvRoka-1-1024x576.webp 1024w, https://ivinj.com/wp-content/uploads/2024/10/Tisno-CrkvaSvRoka-1-768x432.webp 768w, https://ivinj.com/wp-content/uploads/2024/10/Tisno-CrkvaSvRoka-1-1536x864.webp 1536w, https://ivinj.com/wp-content/uploads/2024/10/Tisno-CrkvaSvRoka-1-18x10.webp 18w" sizes="(max-width: 1920px) 100vw, 1920px" />															</div>
				</div>
					</div>
		</div>
					</div>
		</section>
				<section class="elementor-section elementor-top-section elementor-element elementor-element-e6d947f elementor-section-boxed elementor-section-height-default elementor-section-height-default wpr-particle-no wpr-jarallax-no wpr-parallax-no wpr-sticky-section-no wpr-equal-height-no" data-id="e6d947f" data-element_type="section" data-e-type="section" data-settings="{&quot;background_background&quot;:&quot;classic&quot;}">
						<div class="elementor-container elementor-column-gap-default">
					<div class="elementor-column elementor-col-50 elementor-top-column elementor-element elementor-element-4e50618" data-id="4e50618" data-element_type="column" data-e-type="column">
			<div class="elementor-widget-wrap elementor-element-populated">
						<div class="elementor-element elementor-element-bc37142 aleft elementor-widget elementor-widget-wgl-double-heading" data-id="bc37142" data-element_type="widget" data-e-type="widget" data-widget_type="wgl-double-heading.default">
				<div class="elementor-widget-container">
					<div class="wgl-double-heading"><div class="dblh__subtitle">Zahvala za pomoć u obrani od kuge</div><h3 class="dblh__title-wrapper"><span class="dblh__title dblh__title-1">CHURCH OF SAINT ROCH</span></h3></div>				</div>
				</div>
				<div class="elementor-element elementor-element-f6d49e0 elementor-widget elementor-widget-text-editor" data-id="f6d49e0" data-element_type="widget" data-e-type="widget" data-widget_type="text-editor.default">
				<div class="elementor-widget-container">
									<p><span>The Church of Saint Roch was built in Tisno in the mid-7th century. It was first mentioned in 1651 </span><span>when Jure Prgin Zaljinov left the church a chalice in his testament. </span><span>This typical countryside church is a 13 m long, and 8,5 m wide single-nave building. </span><span>It was built using carved blocks of stone that differ in the upper parts of the facade. </span><span>Later additions include a bell-gable with three bells, a new opening on the facade, </span><span>and the reconstruction of the choir stairs. </span><span>The original Baroque portal with a semicircular window above it can be found on the lateral wall. The main altar holds the painting of Madonna with Saint Anthony of Padua and Saint Theresa, while Our Lady of the Rosary is located on the other altar.</span></p>								</div>
				</div>
				<div class="elementor-element elementor-element-f2c1279 elementor-widget elementor-widget-text-editor" data-id="f2c1279" data-element_type="widget" data-e-type="widget" data-widget_type="text-editor.default">
				<div class="elementor-widget-container">
									<p><span>The sculptures of Saint Roch and Saint Joseph are placed aside. In 1693, </span>the people of Tisno <span>decided to hold a procession on January 27th, to honor Saint Roch </span><span>for protecting them from the plague that claimed more than </span><span>500 lives in the village. </span><span>The feast of St. Roch takes place on August 16th each year, </span><span>exhibited here.</span></p>								</div>
				</div>
				<div class="elementor-element elementor-element-bf43289 elementor-widget elementor-widget-text-editor" data-id="bf43289" data-element_type="widget" data-e-type="widget" data-widget_type="text-editor.default">
				<div class="elementor-widget-container">
									<p><span>Source:<br /></span><span>STOŠIĆ, K.: Sela šibenskog kotora, Šibenik, 1941., p.208<br /></span><span>JURAN, K., SORIĆ, S. : Spomenici sakralnoga graditeljstva na otoku Murteru,<br /></span><span>Toponimija otoka Murtera. Zadar, Sveučilište u Zadru, 2010, p.97-1217</span></p>								</div>
				</div>
					</div>
		</div>
				<div class="elementor-column elementor-col-50 elementor-top-column elementor-element elementor-element-7011c89" data-id="7011c89" data-element_type="column" data-e-type="column">
			<div class="elementor-widget-wrap elementor-element-populated">
						<div class="elementor-element elementor-element-43ec9d8 elementor-widget elementor-widget-image" data-id="43ec9d8" data-element_type="widget" data-e-type="widget" data-widget_type="image.default">
				<div class="elementor-widget-container">
															<img decoding="async" width="800" height="600" src="https://ivinj.com/wp-content/uploads/2024/10/Tisno-CrkvaSvRoka-2.webp" class="attachment-full size-full wp-image-4270" alt="" srcset="https://ivinj.com/wp-content/uploads/2024/10/Tisno-CrkvaSvRoka-2.webp 800w, https://ivinj.com/wp-content/uploads/2024/10/Tisno-CrkvaSvRoka-2-300x225.webp 300w, https://ivinj.com/wp-content/uploads/2024/10/Tisno-CrkvaSvRoka-2-768x576.webp 768w, https://ivinj.com/wp-content/uploads/2024/10/Tisno-CrkvaSvRoka-2-16x12.webp 16w" sizes="(max-width: 800px) 100vw, 800px" />															</div>
				</div>
				<div class="elementor-element elementor-element-f063738 elementor-widget elementor-widget-image" data-id="f063738" data-element_type="widget" data-e-type="widget" data-widget_type="image.default">
				<div class="elementor-widget-container">
															<img decoding="async" width="800" height="600" src="https://ivinj.com/wp-content/uploads/2024/10/Tisno-CrkvaSvRoka-3.webp" class="attachment-full size-full wp-image-4271" alt="" srcset="https://ivinj.com/wp-content/uploads/2024/10/Tisno-CrkvaSvRoka-3.webp 800w, https://ivinj.com/wp-content/uploads/2024/10/Tisno-CrkvaSvRoka-3-300x225.webp 300w, https://ivinj.com/wp-content/uploads/2024/10/Tisno-CrkvaSvRoka-3-768x576.webp 768w, https://ivinj.com/wp-content/uploads/2024/10/Tisno-CrkvaSvRoka-3-16x12.webp 16w" sizes="(max-width: 800px) 100vw, 800px" />															</div>
				</div>
					</div>
		</div>
					</div>
		</section>
		<div class="elementor-element elementor-element-4e23ab3 e-flex e-con-boxed wpr-particle-no wpr-jarallax-no wpr-parallax-no wpr-sticky-section-no wpr-equal-height-no e-con e-parent" data-id="4e23ab3" data-element_type="container" data-e-type="container" data-settings="{&quot;background_background&quot;:&quot;classic&quot;}">
					<div class="e-con-inner">
				<div class="elementor-element elementor-element-82c83f2 elementor-widget elementor-widget-text-editor" data-id="82c83f2" data-element_type="widget" data-e-type="widget" data-widget_type="text-editor.default">
				<div class="elementor-widget-container">
									<p>Uputite se u <span style="text-decoration: underline;"><a href="https://ivinj.com/en/tematske-setnje/">tematsku šetnju</a></span> po Tisnom</p>								</div>
				</div>
					</div>
				</div>
		<div class="elementor-element elementor-element-4cccec7 e-con-full e-flex wpr-particle-no wpr-jarallax-no wpr-parallax-no wpr-sticky-section-no wpr-equal-height-no e-con e-parent" data-id="4cccec7" data-element_type="container" data-e-type="container">
		<div class="elementor-element elementor-element-a8bbe57 e-con-full e-flex wpr-particle-no wpr-jarallax-no wpr-parallax-no wpr-sticky-section-no wpr-equal-height-no e-con e-child" data-id="a8bbe57" data-element_type="container" data-e-type="container">
				<div class="elementor-element elementor-element-194e21f elementor-widget elementor-widget-html" data-id="194e21f" data-element_type="widget" data-e-type="widget" data-widget_type="html.default">
				<div class="elementor-widget-container">
					<iframe src="https://www.google.com/maps/d/u/0/embed?mid=16SKIk_Or1T_iItjECOpSsSFjHNrGCrg&ehbc=2E312F&noprof=1" width="640" height="700"></iframe>				</div>
				</div>
				</div>
				</div>
				</div>

<p>Zahvala za pomoć u obrani od kuge CRKVA SVETOG ROKA Crkva Svetog Roka u Tisnom podignuta je sredinom 17.stoljeća. Prvi spomen crkve je 1651. godine kada Jure Prgin Zaljinov oporučno ostavlja kalež navedenoj crkvi. Crkva Svetog Roka je jednobrodna građevina, tipična seoska crkva, dimenzija 13 x 8,5 m. Zidana je klesanim kamenim blokovima koji su u gornjem dijelu pročelja različiti, a naknadno je postavljen zvonik na preslicu s tri zvona, umetnut je novi otvor na pročelju te je prezidano i stepenište za kor.  Izvorni barokni portal s polukružnim prozorom iznad njega nalazi se bočno. Na glavnom oltaru crkve nalazi se slika Gospe sa Sv. Antunom Padovanskim i Sv. Terezijom, a na drugom oltaru nalazi se lik Gospe Ružarice. Kipovi Sv.Roka i Sv. Josipa nalaze se sa strane. Narod je 1693. godine odlučio da će na datum 27. Siječnja održavati procesiju u čast Sv. Roku, kao zahvalu za pomoć u obrani od kuge koja je u Tisnom odnijela više od 500 života. Na blagdan Svetog Roka, 16. kolovoza, održava se misa u crkvi Sv. Roka te procesija. U prošlosti je prostor oko crkve Sv. Roka služio kao mjesto sastajanja mještana. Nakon misnog slavlja, stanovništvo se okupljalo ispred crkve Sv. Roka gdje su se plesali tradicionalni plesovi i pjevale pjesme, a danas su ovdje izloženi predmeti iz stare tišnjanske uljare, presa i kameno kolo. Izvor:STOŠIĆ, K.: Sela šibenskog kotora, Šibenik, 1941., p.208JURAN, K., SORIĆ, S. : Spomenici sakralnoga graditeljstva na otoku Murteru,Toponimija otoka Murtera. Zadar, Sveučilište u Zadru, 2010, p.97-1217 Uputite se u tematsku šetnju po Tisnom</p>
